{"id":356,"date":"2019-06-18T14:18:48","date_gmt":"2019-06-18T14:18:48","guid":{"rendered":"http:\/\/physiotherapie-schulenburg.de\/schulenburg\/?page_id=356"},"modified":"2020-07-14T14:25:00","modified_gmt":"2020-07-14T14:25:00","slug":"start-2","status":"publish","type":"page","link":"https:\/\/physiotherapie-schulenburg.de\/schulenburg\/","title":{"rendered":"Herzlich Willkommen in meiner Praxis f\u00fcr Physio- und Beckenbodentherapie in D\u00fcsseldorf"},"content":{"rendered":"<h1>Warum Beckenbodentherapie?<\/h1>\r\n\r\n<div class=\"wp-block-image\">\r\n<figure class=\"alignleft is-resized\"><img class=\"wp-image-336\" src=\"http:\/\/physiotherapie-schulenburg.de\/schulenburg\/wp-content\/uploads\/2019\/06\/Anke_portrait.jpg\" alt=\"\" width=\"399\" height=\"407\" srcset=\"https:\/\/physiotherapie-schulenburg.de\/schulenburg\/wp-content\/uploads\/2019\/06\/Anke_portrait.jpg 600w, https:\/\/physiotherapie-schulenburg.de\/schulenburg\/wp-content\/uploads\/2019\/06\/Anke_portrait-293x300.jpg 293w\" sizes=\"(max-width: 399px) 100vw, 399px\" \/>\r\n<figcaption>Herzlich willkommen zur Beckenbodentherapie <br \/>f\u00fcr Frauen und M\u00e4nner vom jungen Erwachsensein <br \/>bis ins hohe Alter.<\/figcaption>\r\n<\/figure>\r\n<\/div>\r\n\r\n\r\n\r\n<p>Vor \u00fcber 10 Jahren habe ich mich auf diesen Bereich spezialisiert, weil er viele Menschen betrifft. Seit 2012 mit der Zusatzqualifizierung \u201ePhysio Pelvica\u201c.<br \/><br \/>Der Beckenboden ist unsere K\u00f6rpermitte, der untere Abschluss unseres Bauchraumes, aufgeh\u00e4ngt zwischen den Schultern, dem Zwerchfell und den F\u00fc\u00dfen. Hat ein Mensch Schw\u00e4chen, St\u00f6rungen oder Verspannungen in diesem Gebiet, geht es ihm meistens nicht gut und er braucht Hilfe.<\/p>\r\n\r\n\r\n\r\n<p>&nbsp;<\/p>\r\n\r\n\r\n\r\n<p>&nbsp;<\/p>\r\n","protected":false},"excerpt":{"rendered":"<p>Warum Beckenbodentherapie? Vor \u00fcber 10 Jahren habe ich mich auf diesen Bereich spezialisiert, weil er viele Menschen betrifft. Seit 2012 mit der Zusatzqualifizierung \u201ePhysio Pelvica\u201c. Der Beckenboden ist unsere K\u00f6rpermitte, der untere Abschluss unseres Bauchraumes, aufgeh\u00e4ngt zwischen den Schultern, dem Zwerchfell und den F\u00fc\u00dfen. Hat ein Mensch Schw\u00e4chen, St\u00f6rungen oder Verspannungen in diesem Gebiet, geht <a href=\"https:\/\/physiotherapie-schulenburg.de\/schulenburg\/\">&raquo;&raquo;<\/a><\/p>\n","protected":false},"author":1,"featured_media":0,"parent":0,"menu_order":0,"comment_status":"closed","ping_status":"closed","template":"homepage.php","meta":[],"_links":{"self":[{"href":"https:\/\/physiotherapie-schulenburg.de\/schulenburg\/wp-json\/wp\/v2\/pages\/356"}],"collection":[{"href":"https:\/\/physiotherapie-schulenburg.de\/schulenburg\/wp-json\/wp\/v2\/pages"}],"about":[{"href":"https:\/\/physiotherapie-schulenburg.de\/schulenburg\/wp-json\/wp\/v2\/types\/page"}],"author":[{"embeddable":true,"href":"https:\/\/physiotherapie-schulenburg.de\/schulenburg\/wp-json\/wp\/v2\/users\/1"}],"replies":[{"embeddable":true,"href":"https:\/\/physiotherapie-schulenburg.de\/schulenburg\/wp-json\/wp\/v2\/comments?post=356"}],"version-history":[{"count":15,"href":"https:\/\/physiotherapie-schulenburg.de\/schulenburg\/wp-json\/wp\/v2\/pages\/356\/revisions"}],"predecessor-version":[{"id":504,"href":"https:\/\/physiotherapie-schulenburg.de\/schulenburg\/wp-json\/wp\/v2\/pages\/356\/revisions\/504"}],"wp:attachment":[{"href":"https:\/\/physiotherapie-schulenburg.de\/schulenburg\/wp-json\/wp\/v2\/media?parent=356"}],"curies":[{"name":"wp","href":"https:\/\/api.w.org\/{rel}","templated":true}]}}